n - 2. Suppose -3*b + 2*d - 8 = 0, n*d = -4*b + 1 - 7. What is the remainder when (-3)/b*(-2 + 10) is divided by 7?
5
Suppose 0 = -s + 3*s - 10. Suppose 34 = 2*m + 5*t, 2*t + 69 = s*m - 16. What is the remainder when 49 is divided by m?
15
Let v = 54 - 35. Suppose 0 = 4*a - 37 - v. Calculate the remainder when (-133)/(-5) + 4/10 is divided by a.
13
Let v = -11 - -23. Suppose -v + 39 = 3*h. Calculate the remainder when 24 is divided by h.
6
Suppose y - 138 = -36. Calculate the remainder when y is divided by 26.
24
Let m(r) = -r + 4. Let p be m(0). Suppose -2*u + 6*u = 52. What is the remainder when u is divided by 4*(9/p + -1)?
3
Let a be (3/(-3) - -2)*2. Suppose b + a*b = d - 35, -2*d = 4*b - 20. Let w(u) = 3*u**2 + u - 5. Calculate the remainder when w(-4) is divided by d.
19
Let n = 2 - 2. Suppose 2*a + 2*a + 5*g + 5 = 0, 5*a + 2*g = -2. Suppose a = -n*j - 4*j + 160. What is the remainder when j is divided by 14?
12
Let l(d) = d**3 + 7*d**2 + 5*d + 8. What is the remainder when 27 is divided by l(-6)?
13
Suppose -3*b + 5*t + 25 = t, -3*t + 90 = 5*b. Suppose 0 = j + 2*j - b. Calculate the remainder when j is divided by 2.
1
Suppose -60 = -2*x - 4. Calculate the remainder when x is divided by 17.
11
Let l be 2*(-1 + (1 - -1)). Suppose l*f - 3*f + 7 = 0. Calculate the remainder when 74/6 - (-3 - 70/(-21)) is divided by f.
5
Suppose -151 = -4*m + u, 0 = -2*m - 0*u + u + 75. Let r = -6 - -19. What is the remainder when m is divided by r?
12
Let z = -11 - -24. Calculate the remainder when 89 is divided by z.
11
Suppose 0 = 4*p + 2*w - 36, 4*w = -9*p + 4*p + 42. Let r(u) = -2*u + 13. What is the remainder when r(-8) is divided by p?
9
Suppose 2*i = i + 2. Suppose 8 - i = g. What is the remainder when 11 is divided by g?
5
Suppose -17*t - 32 = -21*t. What is the remainder when (-4)/6 + (-136)/(-6) is divided by t?
6
Calculate the remainder when (2*(-141)/(-6))/(-4 - -5) is divided by 12.
11
Suppose -p = 2*n, 19 = -5*p + 5*n + 79. Suppose 0 = 3*b + 3*o + p - 71, -o = 4*b - 90. What is the remainder when b is divided by 6?
5
Let h(r) = -r - 23. Let i(k) = k + 45. Let p(f) = -5*h(f) - 3*i(f). What is the remainder when 39 is divided by p(15)?
9
Suppose 0 = 2*f - 5 - 1. Suppose f*b = 7*b - q - 28, 2*q - 7 = -b. What is the remainder when b is divided by 4?
3
Let l(q) be the third derivative of -q**4/4 + 4*q**3/3 - 2*q**2. What is the remainder when l(-7) is divided by 17?
16
Suppose 0*p + 5*p - 4*i - 120 = 0, -5*i - 87 = -4*p. Suppose 3*x + b = -0*b + 248, 4*x - 326 = b. Calculate the remainder when x is divided by p.
26
What is the remainder when 7 is divided by (19/(-95))/((-2)/50)?
2
Let d be 7 - (0 - -2) - 2. Let i(p) = -1 - d*p + 3*p - 2*p. What is the remainder when i(-6) is divided by 4?
3
What is the remainder when (18/10)/(3/15) is divided by 2?
1
Let q(s) = -s**3 + 18*s**2 - 18*s + 23. Let w = 31 + -14. What is the remainder when w is divided by q(17)?
5
Let u(m) = -3*m - 2. Let z(l) = -30*l - 21. Let w(j) = 21*u(j) - 2*z(j). Let f = -1 + -2. Calculate the remainder when 16 is divided by w(f).
7
Calculate the remainder when 63 is divided by (-102)/12*((-18)/(-3))/(-3).
12
Suppose -5*s + 1455 = 5*x + 265, -5*s - x + 1170 = 0. Suppose -s = -5*t - 4*a, t + 0*a = a + 52. What is the remainder when t - (1 + 3/3) is divided by 16?
15
Suppose -5*s = 4*k - 0*s - 93, -2*s + 78 = 4*k. Calculate the remainder when 46 is divided by k.
12
Suppose 220 = 5*o - 0. Suppose 3*q - 5*q = -o. Calculate the remainder when q is divided by 12.
10
What is the remainder when (-12)/15*125/(-2) is divided by 17?
16
Suppose -15 = 10*o - 255. Calculate the remainder when 95 is divided by o.
23
Suppose -44 = -k - 3*k. Calculate the remainder when 21 is divided by k.
10
Let f = -45 - -67. What is the remainder when 65 is divided by f?
21
Let h(q) = -2*q + 3. Let r(a) = -2*a + 3. Let s(p) = 5*h(p) - 6*r(p). What is the remainder when s(8) is divided by 4?
1
Let p(i) = -13*i + 7. Calculate the remainder when p(-8) is divided by 19.
16
Suppose -3*n = n - 16. Suppose 0 = a + n*a - 15. Calculate the remainder when 8 is divided by a.
2
Let s(w) = w + 3. Let l = 1 + 1. Calculate the remainder when s(-1) is divided by l.
0
Suppose t = 5*f + 87, 2*t + 3*f = 23 + 125. Suppose -76 = -4*w + 4*u, -89 = -4*w - 2*u - 7. Calculate the remainder when t is divided by w.
17
Let t = 12 - 8. Let y be (0 + 3)/((-3)/(-16)). Let q = 23 - y. What is the remainder when q is divided by t?
3
What is the remainder when 7 is divided by ((-8)/(-10))/((-4)/(-10))?
1
What is the remainder when -2*(1089/(-6))/3 is divided by 31?
28
Suppose -4*m = -4*p - 36, p = -4*m + 17 - 6. Let d = -9 - -23. What is the remainder when d is divided by m?
2
Let d = 140 + -129. Suppose 0 = -r - 3*r. Suppose -5*x + 93 + 7 = r. What is the remainder when x is divided by d?
9
Let d = -36 - -55. Calculate the remainder when 56 is divided by d.
18
Let u = 28 + -13. Suppose u = 2*b + 3. Calculate the remainder when b is divided by 2.
0
Suppose 0 = -4*b + 6*g - 3*g + 19, 0 = b + g - 3. Let r(q) = -4 + b + 4*q + 5 - 3. Calculate the remainder when r(6) is divided by 9.
8
Suppose -4*s = 21 - 53. Let v = 21 + -55. Let i = -11 - v. Calculate the remainder when i is divided by s.
7
Let v(b) = b**2 - 3*b**2 + 3*b + b**2. Let a be v(4). What is the remainder when 19 is divided by (10/a)/(3/(-12))?
9
Let d(g) = 3*g**3 + g**2 - 2*g + 2. Let a(v) = -v**3 + 8*v**2 - 6*v + 2. Let o be 450/66 - (-4)/22. Calculate the remainder when d(2) is divided by a(o).
8
Calculate the remainder when 13 is divided by (6 - 5)*(-28)/(-4).
6
Let r(u) = -u**3 + 4*u**2 + 4. Let w be r(4). Let o(v) = v - 2. Let n be o(w). Suppose -1 - 7 = -n*i. Calculate the remainder when 6 is divided by i.
2
Let r be 10 + (-1 - (-2 - 1)). Calculate the remainder when 84/22 + r/66 is divided by 2.
0
Let n = 146 + 91. Calculate the remainder when n is divided by 60.
57
Let o(q) = 21*q - 16. What is the remainder when o(7) is divided by 33?
32
Let w = 12 + -5. What is the remainder when (-535)/(-20) - 4/(-16) is divided by w?
6
Let d(y) = -y**3 + 22*y**2 + 25*y - 33. Let x = 74 - 23. Calculate the remainder when x is divided by d(23).
12
Suppose -5*d - 3*k - 2*k = 955, 0 = -5*d - 4*k - 953. Let o = -103 - d. Suppose 1 - o = -5*p. Calculate the remainder when p is divided by 5.
2
Let o = 6 - 2. Suppose o*y - y - 132 = 0. Calculate the remainder when y is divided by 15.
14
Let h(i) = 4*i**3 - i. Let v(k) = -k**3 + 5*k**2 + 5*k - 5. Let j be v(6). Let b = -6 - j. Calculate the remainder when b is divided by h(1).
2
Suppose 0*h - h + 48 = r, 5*h - 2*r - 261 = 0. Calculate the remainder when h is divided by 18.
15
Let h be 2/(20/(-6))*-15. Let f = h - 6. What is the remainder when 5 is divided by f?
2
Let s(i) = -i**3 - 14*i**2 - 13*i + 12. Calculate the remainder when 69 is divided by s(-13).
9
Suppose -5*t = q + 34, -4*q - 94 = t - 2*t. Let r = 189 + q. Suppose 0 = -2*y + 5*c + 87, 0*c = -4*y + c + r. What is the remainder when y is divided by 14?
13
Suppose -5*i - t = -188, 4*i - 2*t + 77 = 219. Calculate the remainder when i is divided by 10.
7
Let h(m) = m**2 + m + 1. Let z be h(-2). Suppose -8*d + z*d - 3*s = -132, d + 2*s = 25. What is the remainder when d is divided by 10?
7
Let r be ((-91)/7)/(1*-1). Let n = 30 - r. What is the remainder when 49 is divided by n?
15
Let p(m) = m**3 + 5*m**2 - 4*m - 11. Calculate the remainder when 62 is divided by p(-4).
20
What is the remainder when (-2*1)/((-14)/112) is divided by 5?
1
Let d(o) = -3*o - 2. Let c(y) = y**3 + 6*y**2 + 7. Calculate the remainder when d(-7) is divided by c(-6).
5
Let h be (-70)/3*(5 - 2). Calculate the remainder when 23 is divided by 2/6 - h/6.
11
Suppose 0 = -u + b - 0*b + 1, 5*b - 3 = 3*u. Suppose -5*g + 133 = -l - 157, -u*g + 218 = 2*l. Calculate the remainder when g is divided by 15.
12
Let b(h) = 12*h - 3. Let m be b(3). Suppose m - 8 = 5*f. What is the remainder when (-8)/16 - 34/(-4) is divided by f?
3
Let s = 22 + -1. What is the remainder when 94 is divided by s?
10
Let n = 4 + 31. Let t(g) = 13*g - 1. Let a(s) = -s - 3. Let j be a(-4). What is the remainder when n is divided by t(j)?
11
Let a(i) = i**3 + 7*i**2 + 8*i + 5. What is the remainder when 42 is divided by a(-5)?
12
Let m(n) = -n**2 + 7*n + 